n divisor of b and 18?
18
Suppose -16*y = -y + 189 - 1134. What is the greatest common divisor of 36 and y?
9
Let a = 5337 + -2197. What is the greatest common divisor of 40 and a?
20
Let k = 2159 + -2037. Calculate the highest common divisor of 854 and k.
122
Let z(o) = o**3 + 23*o**2 + 23*o - 27. Let t be z(-8). Calculate the highest common factor of t and 14.
7
Suppose -5*s - 2*s - 6*s = -13832. Calculate the highest common factor of s and 56.
56
Let o be (-9888)/(-103)*-2*1/(-3). Calculate the highest common divisor of o and 2720.
32
Let v be (-39 + 2)*(-3 - 0/(-5)). Let j = 7 + -20. Let o = 61 - j. What is the highest common divisor of v and o?
37
Let v = 2789 + -2685. What is the greatest common factor of 32 and v?
8
Suppose 15*z + 4329 + 4461 = 0. Let n = -208 - z. What is the greatest common factor of 18 and n?
18
Let q(s) be the first derivative of -7*s**4/4 + s**3/3 - 3*s**2/2 - 4*s + 145. Let i be q(-1). What is the highest common factor of i and 217?
7
Let x be (-2522)/(-35) - 20/350. What is the highest common factor of 147 and x?
3
Suppose 162*i - 15117 - 11133 = 12*i. What is the greatest common factor of i and 625?
25
Let d(g) = g**3 + 53*g**2 - 177*g - 494. Let v be d(-56). What is the greatest common factor of 14830 and v?
10
Suppose q + 4 = -o + 19, 0 = -5*o + 3*q + 83. Suppose -4*n = -o, -5*w - n = -7*w + 678. Calculate the greatest common divisor of w and 31.
31
Let s = -11009 - -17678. Calculate the highest common divisor of 27 and s.
27
Suppose 36 + 72 = 6*i. Let o(k) = 11*k - 2*k + 0*k. Let d be o(1). Calculate the highest common factor of i and d.
9
Suppose 24*g - 23*g = 40. What is the highest common factor of g and 1780?
20
Let h(a) = -a**3 - 63*a**2 - 346*a - 59. Let f be h(-57). Calculate the highest common factor of 1261 and f.
13
Let f be (-7)/((-4)/(864/4)). Let i be 10718/253 + (-12)/33. What is the greatest common divisor of f and i?
42
Suppose -5*z - 2919 + 150 = -2*b, b - 1352 = -4*z. Calculate the greatest common factor of b and 84.
28
Let d(n) = n**3 - 12*n**2 + 21*n - 8. Let k be d(10). Suppose 10*u + v - 648 = 7*u, -5*v - 449 = -k*u. Calculate the highest common divisor of 31 and u.
31
Let j(p) be the first derivative of -2*p**2 + 13*p - 1. Suppose -14*h = 22*h - 18*h. Let c be j(h). What is the greatest common divisor of c and 52?
13
Suppose 63*v - 660 - 2156 - 1909 = 0. What is the highest common divisor of 795 and v?
15
Suppose -3*b + 12 = 3*k, -1 - 1 = -2*b + k. Suppose 9*v - 4*v - r = 520, -v = b*r - 104. Calculate the greatest common factor of v and 52.
52
Suppose 0 = 9*d - 2066 - 265. Let u = 221 + -184. What is the greatest common factor of u and d?
37
Let i(u) = -8*u + 934. Let k be i(54). Calculate the highest common factor of 2 and k.
2
Let d = -51 - -41. Let u be (198/(-110))/((-2)/d). Let v be 1 + u/3 - -86 - 3. Calculate the greatest common factor of 18 and v.
9
Suppose 2*a - 4 - 2 = -n, -5*n + 5*a + 15 = 0. Suppose 0 = 3*r - 2*r. Let x = r + n. What is the highest common factor of x and 1?
1
Let m = 151 - 164. Let z(n) = -n**2 - 16*n - 5. Let j be z(m). What is the highest common factor of j and 374?
34
Suppose 2*t - 37*p - 71 = -42*p, -p + 115 = 4*t. Calculate the greatest common divisor of t and 364.
28
Let y be ((-382)/(-4))/(3/(-6)). Let d = y - -228. What is the greatest common divisor of 37 and d?
37
Let j be 110/3 - (-90)/(-135). Calculate the greatest common divisor of j and 3450.
6
Let r(h) = -h**3 + 24*h**2 - 15*h - 100. Let b be r(23). Suppose -7*c + 264 = -c. Let l = c - 32. Calculate the greatest common divisor of l and b.
12
Suppose -308 - 76 = -10*l - 22*l. What is the highest common divisor of 390 and l?
6
Let x(w) = 40*w + 1704. Let b be x(-21). Calculate the highest common factor of b and 1566.
54
Let i = 3 + -8. Let z(c) = -2*c - 1. Let f be z(i). Let n(u) = u**3 - 9*u**2 + 9*u + 18. Let w be n(f). What is the greatest common divisor of 33 and w?
33
Suppose -54*r = -1480 - 661 - 451. Calculate the highest common divisor of r and 17592.
24
Let v = -253 + 258. Let d be 3 + 103 + -6 + v. What is the greatest common divisor of 45 and d?
15
Let k be ((-38)/2)/((4 + -5)/1). Let o(w) = w**2 - w + 18. Let z be o(0). Let y = k - z. What is the greatest common divisor of y and 1?
1
Let o = -1725 + 3013. What is the greatest common divisor of o and 1081?
23
Let f = -247 + 245. Let j(u) = -3*u**3 - 8*u**2 - 9*u + 2. Let v be j(f). What is the greatest common divisor of v and 12?
12
Suppose p + 6 = -3*n + 3*p, 2*p = -n - 10. Let c be (-9)/21 + 1384/28 + n. Calculate the greatest common factor of c and 120.
15
Suppose -2*g + 80 = 2*g. Suppose 10 = 4*b - 5*v - 67, 0 = 5*b - 3*v - 93. Suppose b*r = 1579 - 499. Calculate the greatest common factor of g and r.
20
Suppose 173 + 96 = 3*u - 2*k, k - 93 = -u. Suppose 0 = -i + 6*i - 130. Calculate the highest common factor of u and i.
13
Suppose 4*l - 120 = l. Let t = 1758 + -1742. What is the highest common divisor of l and t?
8
Suppose 9*w - 3*p + 68898 = 12*w, -5*w - 3*p = -114834. Calculate the highest common divisor of w and 528.
264
Let x(o) = 5*o**2 + 7*o - 54. Let p(c) = -3*c**2 - 7*c + 55. Let w(m) = 3*p(m) + 2*x(m). Let b be w(0). Calculate the highest common factor of b and 3.
3
Let j = -8539 - -8999. What is the greatest common divisor of 740 and j?
20
Let h = 90 + -32. Let b be 26/156 + h/12. Suppose -4*z + 226 + 18 = 4*c, b*c + 94 = 2*z. What is the greatest common divisor of z and 76?
19
Let w be (0 - 6)/1 + 27 + 22 + -29. Calculate the greatest common factor of w and 434.
14
Let w(p) = p**3 - 15*p**2 + 30*p - 34. Let t be w(13). Let s be ((-48)/20)/(92/(-15) + 6). Calculate the highest common factor of t and s.
18
Suppose -42 = 5*s - 267. Let f = 145 - s. Calculate the highest common factor of 60 and f.
20
Let m be (6/(6/(-11)))/(16/(-7232)*4). Calculate the greatest common factor of 339 and m.
113
Let y = 99 - 78. Suppose -n + y = 2*h, 3*h = 5*n + 28 + 10. What is the highest common divisor of 99 and h?
11
Suppose 4*z - 48 = 2*m, 26 = -5*m - 5*z - 154. Let g(c) = c**3 + 34*c**2 + 63*c - 7. Let k be g(m). What is the highest common divisor of 325 and k?
25
Suppose 463*r - 459*r + 307 = 4155. What is the highest common divisor of 130 and r?
26
Let n(l) = 4*l**2 - 34*l + 27. Suppose 4*a = a + 27. Let s be n(a). Suppose 11 = 2*u - 43. What is the highest common divisor of s and u?
9
Let t(j) = -j**3 - 45*j**2 + 331*j - 80. Let b be t(-53). What is the highest common divisor of 13 and b?
13
Let i(x) = x**2 - 17*x + 120. Let j be i(16). Calculate the highest common factor of 65 and j.
13
Let q = -6 + 12. Suppose -q*m + 149 = -2*m + z, 3*z + 57 = 2*m. Let r be (-2772)/(-30)*240/56. Calculate the highest common divisor of m and r.
36
Suppose 3*x - 21 = 21. Let f = 19655 - 19431. What is the greatest common divisor of f and x?
14
Suppose 7*j = 46*j. Suppose j = 7*t + 37*t - 44. Let w be (-1 - 0)/(2/(-8)). What is the highest common divisor of t and w?
1
Suppose 18*y - 8 = 14*y - 5*g, 0 = 5*y + 4*g - 10. Let p be 4/(-18) - 120/(-54). What is the highest common divisor of p and y?
2
Let l = 411 - -9. Suppose -69 = -3*j + 5*z, -5*j + 149 = 20*z - 17*z. Calculate the highest common divisor of l and j.
28
Suppose 119*d = 795 - 81. Let k(l) be the first derivative of 4*l**3/3 + 5*l**2/2 - 2*l + 1. Let h be k(-4). What is the highest common divisor of d and h?
6
Let f = 29 - 12. Suppose -4*x - 2*j + 303 + 159 = 0, 2*x - 217 = -3*j. What is the greatest common factor of f and x?
17
Suppose 2*w - 2*l - 8376 = 0, 203*w - 204*w = -5*l - 4216. What is the highest common divisor of w and 37?
37
Let l be 14/(-70)*-25 - -4. What is the highest common factor of l and 33?
3
Let o = 822 - 460. What is the highest common divisor of 6697 and o?
181
Let w = -7348 + 7358. What is the greatest common divisor of w and 145?
5
Let j be (-47464)/(-92) + -7*(-10)/805. Calculate the greatest common factor of j and 301.
43
Let g(r) = 827*r**2 + 13*r - 8. Let s be g(1). What is the highest common divisor of s and 256?
64
Let z(j) = 531*j**2 + 514*j + 2483. Let g be z(-5). Calculate the highest common factor of g and 42.
42
Let v(u) be the second derivative of 1/6*u**4 + 22*u + 1/20*u**5 + 2/3*u**3 + 0 + 1/2*u**2. Let q be v(3). Calculate the highest common fact